common divisor of 105 and g.
15
Let y be ((-6)/8)/(4/1024). Let f be 2/7 + y/(-14). Calculate the highest common divisor of 35 and f.
7
Suppose 23*x - 8 = 21*x. Calculate the highest common factor of x and 10.
2
Suppose 0 = -3*y - 2*y + 60. Let i be 15*(36/(-10))/(-3). What is the highest common factor of i and y?
6
Let d(z) = 3*z - 2. Let y be (-2)/(-11) - (-40)/22. Let l be d(y). Let u be 195/6 - 2/l. What is the greatest common factor of u and 4?
4
Let y = 2 + -5. Let k(z) = -2*z**3 + 2. Let d be k(y). Let p be 16/1 + (-4 - -2). Calculate the greatest common divisor of p and d.
14
Suppose h = 9*h - 80. What is the greatest common factor of 90 and h?
10
Let b be (-1 + (-33)/6)*-2. Let j = 23 - b. Let r be j*-14*2/(-10). Calculate the greatest common factor of 42 and r.
14
Let c be -3 + 5/((-10)/(-36)). Calculate the highest common factor of 10 and c.
5
Suppose 67 = 4*k - 3*v, -3*k + v = -2 - 47. Calculate the greatest common factor of 40 and k.
8
Let j = -18 - -21. Suppose -60 = -3*x + 5*v, 4*x + 5*v - 34 = 11. What is the highest common factor of j and x?
3
Let u = 623 + 9. Suppose -104 = 2*h - u. Calculate the highest common factor of h and 24.
24
Suppose -1 = 4*m + x + 1, 5*m - x = -7. Let s be 1/(m/2) - -23. What is the highest common factor of 21 and s?
21
Let d be 1*1/(-1) - -2. Let w = 1 - d. Let a be w - 3 - (-1 + -8). What is the highest common divisor of 30 and a?
6
Suppose 5*d - 11 = 149. Calculate the greatest common factor of 256 and d.
32
Let v(d) = -32*d - 10. Let s(f) = -13*f - 4. Let m(g) = -12*s(g) + 5*v(g). Let t be m(-2). Calculate the greatest common factor of 9 and t.
3
Suppose 5*y + 34 = -66. Let n = -8 - y. Suppose 3*m - 20 = -2*m + 3*o, -o = 0. What is the highest common divisor of n and m?
4
Let s(d) be the first derivative of d**3/3 + 3*d**2/2 - 4. Let q be s(-3). Suppose -a + 22 + 6 = q. What is the highest common factor of 4 and a?
4
Suppose 3*p = v + 5, 0*p + 10 = -2*p + 4*v. Suppose -s = p*n - 21, 2*s + 2*n = 13 + 33. What is the highest common divisor of 12 and s?
12
Suppose -3*m - 16 = -7*m. Let l be ((-2)/(-2))/(m/96). Let v = -1 - -4. What is the greatest common factor of v and l?
3
Suppose -5 = 3*s + 4. Let h be s/12 - (-15)/12. What is the greatest common factor of 9 and h?
1
Let x = -195 - -305. Suppose 3*u + u + x = h, -3*u + h - 82 = 0. Let l be 35/u*(-5 + 1). What is the greatest common divisor of 5 and l?
5
Let i be (-30)/18*-1*15. What is the greatest common factor of i and 5?
5
Let j = 0 + 0. Suppose 2*p + 4*r - 38 = j, 5*r - 5 = 10. Let x = 20 - p. Calculate the greatest common divisor of 56 and x.
7
Let s be (-2)/(-6) + (-950)/(-30). What is the greatest common factor of s and 16?
16
Let y(k) = -4 - 2*k + 7*k - k**2 + 0*k**2. Let p be y(4). Suppose -5*m + 263 = -4*z, p = 4*m - 3*m + 2*z - 61. What is the greatest common divisor of 11 and m?
11
Suppose -23 = -2*m + 1. Suppose 3*x - m - 6 = 3*q, 4*x - 14 = -q. Suppose x*z - 82 = 14. Calculate the highest common factor of z and 6.
6
Suppose 0*y - 16 = -4*y. Suppose 3*j = 525 - 177. Suppose -2*z + j = 4*c, y*z - 3*c = 2*z + 81. What is the highest common divisor of 12 and z?
12
Suppose 0 = 4*c + 4 - 0, 3 = 2*f + c. Suppose 2*l + f*l = 24. Calculate the highest common factor of l and 18.
6
Let c = 0 - 0. Let v(y) = y**3 + y**2 + y + 14. Let n be v(c). What is the greatest common divisor of 98 and n?
14
Let n(j) = -j**2 - 20*j - 9. Let q be n(-15). Calculate the greatest common divisor of q and 6.
6
Suppose 0 = b - 6*b + 2*q + 559, b - 115 = 2*q. Suppose 10 = -5*r - 0*r. Let g be -2 - (-1 + (r - b)). Calculate the highest common divisor of 14 and g.
14
Let o be (14/(-1))/((-8)/20). Let s = o + -15. Suppose r - s = -r. What is the greatest common factor of 50 and r?
10
Let v be 1 - -2 - (-176)/(-4). Let m = 156 + v. Calculate the highest common factor of m and 23.
23
Let c = 182 - 97. What is the greatest common factor of 17 and c?
17
Suppose 3*g - 7 = 8. Suppose -g*i + 55 = -0*i. What is the highest common divisor of i and 44?
11
Suppose 401 = 3*y + 149. Let b = 15 + -3. Calculate the greatest common divisor of y and b.
12
Let m be 3/(12/320) + 1. What is the highest common factor of 9 and m?
9
Let o = -11 + 7. Let y be 68/3*(-30)/o. Suppose y = 2*s + 4*n, -3*n = -s - 0*n + 60. What is the highest common divisor of s and 30?
15
Suppose -8*n + 203 = -117. Calculate the greatest common divisor of 8 and n.
8
Let b = -1 - -2. Let y be (2 + 7 + b)/1. Calculate the highest common divisor of 90 and y.
10
Suppose 4*h = a - 4*a + 126, 0 = 3*a + h - 126. What is the highest common factor of 6 and a?
6
Let r be (2/1)/(-8) + (-21)/(-4). Calculate the greatest common factor of r and 10.
5
Let f(s) = s**3 - s**2 - s + 3. Let j be f(0). Calculate the greatest common divisor of 6 and j.
3
Suppose -5*u - 2*k = 7 - 25, -14 = 3*u - 5*k. Suppose 4*a - u*y = 10, 0 = 2*a + a + 2*y - 25. What is the greatest common factor of a and 5?
5
Suppose 6*b - 3*b - 486 = 0. Calculate the highest common divisor of b and 18.
18
Suppose 2*k + 2*s = 18, -3*k + 7*s + 27 = 4*s. What is the highest common divisor of 27 and k?
9
Let k(o) be the second derivative of -2*o**5/5 - o**4/4 - o**3/6 + o**2 + o. Let s be k(-2). Calculate the highest common factor of 7 and s.
7
Let w be 20/32*6*32. Let v = w + 78. Calculate the highest common factor of 18 and v.
18
Let g = -67 + 84. What is the greatest common divisor of g and 34?
17
Suppose -3*c - c + 48 = 0. Calculate the highest common divisor of 42 and c.
6
Let h(s) = s + 5. Let o be h(5). Calculate the greatest common divisor of o and 5.
5
Let z = -925 - -1342. Let k = -292 + z. Let b be k + (-3 + 2)*-1. What is the greatest common divisor of 14 and b?
14
Suppose y - 4 = -0*y, -4*j - 12 = -4*y. What is the greatest common factor of j and 8?
1
Let v(z) = -z**3 + 6*z**2 + 3*z + 6. Let x be ((-6)/4)/((-1)/4). Let d be v(x). Calculate the highest common divisor of 8 and d.
8
Suppose -4*v - 2*r = -2, -2*v + 3*v - 2*r = 13. Suppose 0*u = -v*u. Suppose 2*m = -4, u*m = -t - 5*m - 6. Calculate the highest common divisor of 20 and t.
4
Let i be (6 + -7)/((-1)/13). Suppose -w + 52 + 4 = g, 2*w + 5*g - 124 = 0. Calculate the highest common factor of i and w.
13
Let o(z) = -2*z**3 - 7*z**2 - 2*z - 4. Let v be o(-5). Calculate the highest common divisor of 9 and v.
9
Let j(m) = 4*m + 1. Let s be j(12). Let a = 75 - s. What is the greatest common factor of 39 and a?
13
Let q = -1 - 3. Let y be ((-24)/(-30))/(q/(-10)). Let a be 10/4*(-40)/(-5). What is the highest common factor of a and y?
2
Let f = 82 + -81. Calculate the greatest common factor of f and 9.
1
Let d be (2 - (0 - -1))*-2. Let c = d - -4. Suppose 237 = 3*u - c*g, 2*u = -u - g + 228. What is the highest common factor of 11 and u?
11
Suppose -8*k + 21 + 11 = 0. Calculate the highest common divisor of 32 and k.
4
Let v(c) be the second derivative of c**4/12 + c**3/6 + 4*c**2 + 5*c. Let z be v(6). Calculate the highest common factor of 10 and z.
10
Suppose 0 = 4*h - 0*x - 3*x - 215, -2*h - 4*x + 102 = 0. Let m = -18 + h. Let a = 33 + -28. What is the greatest common divisor of a and m?
5
Let q be ((-7128)/(-90))/(3/10). Calculate the highest common factor of q and 24.
24
Let y be 20/12 - (-1)/3. Suppose 0*n = -y*n. Let c be 108 + n/(-1 - -2). What is the greatest common divisor of c and 12?
12
Let x = 26 + 0. Suppose 2*t - x - 10 = 0. Let r be (0 - 1 - 1) + 11. What is the highest common factor of t and r?
9
Let i be ((-18)/(-12))/(2/88). Let m be 6/((-6)/(-44) - 0). What is the greatest common divisor of m and i?
22
Let y(a) be the third derivative of -43*a**4/24 - a**3/6 + 3*a**2. Let c be y(-1). What is the greatest common factor of c and 28?
14
Let r be (-164)/52 + (-4)/(-26). Let j = r - -8. What is the greatest common divisor of j and 10?
5
Let x(j) = j**2 + 4*j + 3. Suppose 3*y = 7*y - 20. Suppose -n + 5*f - 17 = -7, y*f = -n. Let c be x(n). Calculate the highest common divisor of c and 48.
8
Let f(b) = 2*b + 12. Let l be f(3). Calculate the highest common factor of l and 144.
18
Suppose 0*o + 2*o + 3*i - 19 = 0, 9 = 3*i. What is the greatest common divisor of 40 and o?
5
Let c = 24 + -14. Let i = -491 - -541. Calculate the greatest common divisor of i and c.
10
Suppose 238 = 5*j - 67. Supp